s digit of l?
9
Let h(k) = 3*k**2 + 22*k - 68. Let v(l) = -6*l**2 - 43*l + 140. Let j(p) = 7*h(p) + 3*v(p). What is the tens digit of j(6)?
0
Suppose -m = -3*p - 908, -5*p + 8*m - 1480 = 13*m. Let d = p + 659. What is the tens digit of d?
5
Suppose -4*n - 209 = -733. Let f = -102 - -32. Let x = f + n. What is the tens digit of x?
6
Let g = 82457 - 43081. What is the thousands digit of g?
9
Let h = -5506 - -29488. What is the units digit of h?
2
Let k(r) be the second derivative of -r**4/12 - 2*r**3 + 9*r**2 - 2*r. Let n be k(-8). What is the tens digit of ((-28)/5)/((-10)/n)?
2
Let t(j) be the second derivative of 5*j**4/4 - 5*j**3/2 - 9*j**2 + 34*j. What is the tens digit of t(8)?
2
Suppose -2*b = -2*w + 15044, -48*w + 4*b = -46*w - 15040. What is the tens digit of w?
2
Let g(h) = -3*h**3 - 60*h**2 + 2*h + 230. Let o(n) = -5*n**3 - 91*n**2 + 3*n + 344. Let k(d) = 8*g(d) - 5*o(d). What is the tens digit of k(27)?
0
Let s(i) = -47 - 31*i - 50 - 8*i**2 + 95 - 2*i**3 - 9*i**2. What is the tens digit of s(-10)?
0
Suppose -3*t + 23 = -2*j, 2*t - 5*j = -t + 35. Suppose -4*i = t*n - 1579, -n + 3*i + 0*i = -312. What is the tens digit of n/20 - 6/8?
1
Let j be 12*(44/8)/11. Suppose -5*a + 2*q + 3273 = 0, 0 = -10*q + j*q - 16. What is the units digit of a?
3
Suppose 2*q = -3*h + q + 240, q = 5*h - 400. Suppose -7*u = -4*u - 9. Suppose u*t - h = 262. What is the tens digit of t?
1
Suppose 44*x - 1134647 - 443433 = -395316. What is the hundreds digit of x?
8
What is the units digit of 16366 + (-2)/(-22) + (-2376)/(-484)?
1
Suppose 97807 = 27*p - 629951. What is the ten thousands digit of p?
2
Let p(v) be the third derivative of v**4/24 + v**3/6 + 22*v**2. Let j(y) = 19*y. Let h(d) = -j(d) + 6*p(d). What is the tens digit of h(-10)?
3
Suppose 4*x - 137848 = 111*b - 113*b, -x - b = -34459. What is the units digit of x?
5
Let n(p) = -3*p**3 + 280*p**2 + 187*p + 112. What is the tens digit of n(94)?
1
What is the thousands digit of (-1086716)/(-28) + 7/((-49)/2)?
8
Let x = 50666 + -23576. What is the thousands digit of x?
7
Suppose -3*g + 15046 = 2*v, 4*g - 261*v = -266*v + 20059. What is the tens digit of g?
1
Let t(i) = 110 - 56 + 2*i - 62. Let u be t(6). What is the units digit of 3*(552/9)/u?
6
Suppose -2*l - s = -65943, -4*l = -1074*s + 1069*s - 131921. What is the ten thousands digit of l?
3
Suppose 188 = y - 318. Suppose 12*d - y = 1498. What is the tens digit of d?
6
Let h be (-3)/(-4) - (-2103)/12. Let v be (0 + -2)*(12947/(-22))/11. Let a = h - v. What is the units digit of a?
9
Suppose -86 = -5*l - 6. Let k be 2*9/12*l/6. Suppose -g - k*g = -4*w - 133, -2*g + 3*w + 56 = 0. What is the units digit of g?
5
Let a(l) = 583*l + 2012. What is the ten thousands digit of a(32)?
2
Suppose 0*z + 3*z - 45 = 0. What is the tens digit of -1*985*(-9)/z?
9
Let k = -31 - -30. Let u(o) = 4*o - 25. Let b be u(6). What is the tens digit of 159/6*b*(-5 - k)?
0
Suppose -19*j - 7297 = -1445. Let z = 471 + j. What is the tens digit of z?
6
Suppose 6*w - 845 = 5*w. Suppose 0*d - d = -w. What is the units digit of (-2)/(-11) - d/(-11)?
7
Suppose 0 = 31*m - 26*m + 30. What is the tens digit of (-922)/m - 4/(-3)?
5
Suppose -7 = -52*h + 51*h. Suppose -h*t + 2*t = m - 33, 2*m + 6 = 2*t. What is the units digit of (0 - (-3)/t)*124/2?
1
Suppose 3*p - 1882 = -5*m - 168, -2848 = -5*p - 4*m. Suppose 4*j - 1824 - p = 0. What is the units digit of j?
8
Let n = -56 + 52. Let o be 6/8*1*-4. What is the units digit of n/16*2*(1 + o)?
1
Let i = 101070 - 53758. What is the tens digit of i?
1
What is the ten thousands digit of (-2)/1 + (2/(-7) - (-1991076)/84)?
2
Suppose 3*t = -0*t + i - 18, 3*t + 18 = 3*i. What is the units digit of (-2)/9*t - 70863/(-117)?
7
Let u be 40/3*(-10)/((-200)/585). Suppose 5*i - 29 = t, -i - 4*t - 4 = 7. Suppose i*x = u + 455. What is the tens digit of x?
6
Suppose 0 = 2*u + 5*i - 10381, -27*i = -30*i - 9. What is the hundreds digit of u?
1
Let f(i) = -931*i - 489. What is the units digit of f(-13)?
4
Suppose n = -y + 4*y - 1, 3*y - 5 = 5*n. Suppose y = 3*j + o + 35, o = -j - j - 25. What is the units digit of (3 + 45/j)/(1/(-2))?
3
What is the tens digit of 1*3926 + 0 - (48 + -52)?
3
Suppose 6*j = -j + 70. Suppose x = -x + j. Suppose -16 = -x*k + 9. What is the units digit of k?
5
Suppose -r + 2*r = -0*r. Suppose r = 4*c - 0*c - 876. Suppose 2*n = 5*n - c. What is the tens digit of n?
7
Let j = 5 - -72. Let t = j - -489. What is the units digit of t?
6
Suppose -2*p + f = -5*p + 20830, 2*p - 13894 = 3*f. What is the units digit of p?
4
Let m(j) = j**3 + 42*j**2 - 424*j - 144. What is the thousands digit of m(-42)?
7
Let c(a) = -a - 1. Let k(z) = -75*z - 40. Let m(n) = -10*c(n) + k(n). What is the tens digit of m(-5)?
9
What is the thousands digit of -56 + 67 + -2 + 1 + 53843?
3
Suppose -5*a + 4*l + 9 = -12, -5*a - 3*l = 7. What is the units digit of (-4977)/(-21) + (-3)/a?
4
Let n(x) = 2*x**2 - 12*x - 10. Let j be n(7). Let g be -3 - ((-2)/(-8) - 25/j). Suppose -3*u + 5*o = -u - 49, 0 = g*u - 2*o - 79. What is the units digit of u?
7
Let l = -67 - -83. Suppose 0 = -4*u + 2*p + l, -u - 3*u + p = -14. What is the units digit of (-1)/u - 1/((-3)/262)?
7
Let u(o) = -146*o + 2267. What is the thousands digit of u(-55)?
0
Suppose -10*r - 18 + 38 = 0. Suppose 0 = -4*f + 5 + 11, r*f = 4*l - 872. What is the hundreds digit of l?
2
Let h(g) = -8*g**3 + g**2 + 2*g + 1. Let q be h(-2). Suppose x + 12*x - q = 0. Suppose p = -x*p + 1218. What is the units digit of p?
3
Let f be (12/30)/((-1)/5). Let p = f - -10. What is the units digit of (p/(-16))/(3/(-786))?
1
Let o(r) = r**3 + 4*r**2 - 6*r - 1. Suppose -3*y = -12 + 27. Let m be o(y). Suppose -a - 362 = -3*d, 2*a = -3*d + m*d - 129. What is the hundreds digit of d?
1
Let n be (28/70)/(1/10). Suppose -y + 356 = n*o, -4*y - y + 1764 = 4*o. What is the tens digit of y?
5
Let f be 12/8*3/(36/32). What is the tens digit of (f - 5) + 163 + -5 + -1?
5
Suppose -4*k + q = -192, 5*k - 3*q - q - 240 = 0. Suppose 7944 = 8*a + k. What is the hundreds digit of a?
9
Suppose -2*c + c - 5*t + 20 = 0, -3*t - 40 = -2*c. Suppose 0 = -4*m + c, -4*m = 2*o - 0*m + 82. Let d = 93 + o. What is the tens digit of d?
4
Suppose 0 = -5*f - 4*i + 67, 5*i + 73 = 4*f + 3. Suppose -f*a + 1816 = -1019. What is the units digit of a?
9
Suppose 0 = -4*b + 8*b - 12. Suppose -b*m - 1 = -19. What is the units digit of m/(-4) + (-1210)/(-20)?
9
Let w be (-264)/176 - ((-2)/4 + -1). Suppose 646 = k - q, 2*k - 4*q - 649 - 647 = w. What is the units digit of k?
4
Suppose -3*d = -2*t - 49709, 0 = 4*d + 2*t - 3*t - 66277. What is the tens digit of d/51 - 56/(-476)?
2
Let u(l) = 41*l**3 - 7*l**2 - 6*l - 25. What is the hundreds digit of u(6)?
5
Suppose i - 3*i = 3*i. Let t be (5 - 5 - -753) + i. Suppose -t = -6*k + 177. What is the tens digit of k?
5
Let g(k) = k**3 + 12*k**2 + 20*k + 2. Suppose 0 = 8*w - 7*w - 24. Suppose u + 2*u = -w. What is the tens digit of g(u)?
9
Let c(b) = -18*b - 39. Let o be c(10). Let r = 488 + o. What is the units digit of r?
9
Let y = 9 + -7. What is the tens digit of y/6 - (-3612)/18?
0
Suppose 10*f - 14*f - 3*p + 114666 = 0, 5*p + 30 = 0. What is the thousands digit of f?
8
Let v(u) be the second derivative of 31*u**3/3 - 251*u**2/2 - 5*u + 1. What is the hundreds digit of v(14)?
6
What is the tens digit of (-2)/14 - (-10)/(140/(-182029))*-2?
0
Let l(c) = -2*c - c - 13 + 16. Let n be l(0). Suppose -268 = -n*u + w, -2*u + w + 111 = -68. What is the tens digit of u?
8
Suppose 4*h - 16 = 0, 0 = 3*f - 2*h + 7*h - 29. Suppose -4*d = -3*d - f. Suppose -3*p = -4*l - 319, -2*l + 51 - 362 = -d*p. What is the tens digit of p?
0
Suppose -5*u + 10219 = 4*i, -23*i = -24*i - 5*u + 2581. What is the units digit of i?
6
Suppose -25*h + 54736 = -55514. What is the tens digit of h?
1
Let c(i) = 7*i**2 + 30*i + 138. Let o(l) = l**3 - 14*l - 22. Let b be o(-3). What is the units digit of c(b)?
1
Let u(t) = -4*t + 19. Let f be u(-5). Let k = 39 - f. Suppose 12*l - 11*l - 18 = k. What is the tens digit of l?
1
Let c be ((-12)/(-2))/((-9)/(-12)). Suppose 3*g = c + 1. Suppose -5*t + 196 = -g*i, -2*i + 47 = t - 0*i. What is the units digit of t?
1
Let u(l) = 2*l**2 + 26*l - 104. Suppose 2*h - 10 = 0, -12*f + 3*h = -11*f + 39. What is the hundreds digit of u(